 of 23222 and 34.
34
What is the highest common divisor of 97942 and 780?
26
What is the greatest common factor of 99 and 382734?
99
Calculate the highest common factor of 48336 and 12654.
114
What is the greatest common factor of 3610 and 16910?
190
Calculate the highest common factor of 819 and 10161.
9
Calculate the highest common factor of 534 and 7962118.
178
What is the greatest common divisor of 2985792 and 16?
16
What is the highest common divisor of 4777 and 10251?
17
What is the highest common factor of 1566 and 3006?
18
What is the greatest common factor of 321 and 138351?
321
Calculate the greatest common divisor of 647889 and 957.
957
What is the greatest common divisor of 430 and 14534?
86
Calculate the highest common factor of 3705 and 5301.
57
Calculate the greatest common divisor of 177241 and 421.
421
What is the highest common factor of 2342 and 622?
2
Calculate the highest common factor of 8928 and 279.
279
What is the highest common divisor of 307401 and 1083?
57
Calculate the greatest common factor of 6965 and 3325.
35
What is the highest common divisor of 711 and 5391?
9
Calculate the highest common divisor of 540 and 833940.
180
What is the greatest common divisor of 815 and 147841?
163
Calculate the highest common divisor of 583 and 5346.
11
Calculate the highest common divisor of 78490 and 48880.
470
What is the greatest common divisor of 138306 and 294?
42
Calculate the greatest common factor of 657675 and 1332.
333
Calculate the highest common divisor of 56 and 455.
7
What is the greatest common factor of 414 and 1201842?
414
What is the highest common factor of 15072 and 16?
16
Calculate the highest common divisor of 880 and 13354.
22
Calculate the greatest common factor of 2257884 and 76.
76
What is the greatest common factor of 725 and 3980?
5
Calculate the highest common factor of 566240 and 8.
8
Calculate the highest common factor of 2064 and 3936.
48
What is the greatest common divisor of 53574 and 138?
6
What is the greatest common divisor of 12030 and 510?
30
Calculate the greatest common divisor of 653604 and 336.
84
Calculate the greatest common divisor of 51725 and 775.
25
Calculate the greatest common factor of 60 and 54588.
12
Calculate the highest common factor of 12061 and 119.
7
What is the highest common divisor of 9 and 144?
9
Calculate the highest common factor of 904 and 533360.
904
What is the greatest common divisor of 21828 and 4284?
204
Calculate the highest common divisor of 4281134 and 286.
286
What is the greatest common divisor of 26682 and 12?
6
Calculate the highest common divisor of 11780 and 92435.
95
Calculate the highest common divisor of 15594 and 322.
46
Calculate the highest common divisor of 246 and 1271.
41
What is the greatest common divisor of 2025 and 7125?
75
Calculate the greatest common factor of 765 and 2448.
153
Calculate the greatest common divisor of 371 and 10178.
7
Calculate the greatest common divisor of 109696 and 1216.
64
Calculate the highest common factor of 4645 and 55.
5
What is the greatest common factor of 1260 and 8876?
28
Calculate the highest common divisor of 1649 and 535731.
97
Calculate the greatest common divisor of 82 and 613114.
82
What is the highest common divisor of 46359 and 136?
17
What is the highest common divisor of 90569 and 41?
41
What is the greatest common divisor of 438922 and 213?
71
What is the greatest common divisor of 61000 and 61?
61
Calculate the highest common divisor of 441655 and 855.
95
What is the highest common divisor of 272425 and 1700?
425
Calculate the greatest common factor of 210 and 903.
21
Calculate the highest common factor of 288 and 10552.
8
Calculate the greatest common factor of 127484 and 1256.
628
Calculate the highest common factor of 8723 and 4381.
13
Calculate the highest common divisor of 30758 and 21.
7
Calculate the highest common factor of 9132 and 312.
12
What is the highest common divisor of 726 and 2970?
66
What is the greatest common divisor of 12084 and 954?
318
What is the highest common factor of 39 and 82784?
13
What is the highest common factor of 2465876 and 308?
28
Calculate the highest common factor of 576 and 832932.
36
Calculate the greatest common factor of 8328 and 96.
24
What is the highest common factor of 116720 and 880?
80
What is the greatest common divisor of 171375 and 750?
375
Calculate the greatest common factor of 1904 and 5661544.
952
Calculate the greatest common divisor of 241856 and 192.
64
What is the highest common divisor of 245303 and 2139?
31
Calculate the highest common factor of 37989 and 2345.
469
Calculate the highest common factor of 440 and 1364.
44
What is the highest common factor of 229790 and 55?
55
Calculate the highest common factor of 61 and 499773.
61
Calculate the greatest common factor of 23 and 34753.
23
What is the greatest common factor of 441 and 1773?
9
Calculate the greatest common factor of 79353 and 216.
27
What is the highest common divisor of 330 and 4565?
55
Calculate the highest common factor of 944656 and 230.
46
Calculate the highest common divisor of 2128457 and 43.
43
Calculate the highest common divisor of 1893458 and 98.
98
Calculate the highest common factor of 630 and 1190.
70
Calculate the highest common factor of 535 and 134392.
107
What is the greatest common divisor of 11055 and 189409?
737
Calculate the greatest common divisor of 16969 and 1562.
71
What is the greatest common factor of 809429 and 353?
353
Calculate the highest common divisor of 658948 and 641.
641
Calculate the greatest common factor of 1884 and 9312.
12
Calculate the greatest common factor of 49 and 2960384.
49
What is the greatest common factor of 52 and 454276?
4
Calculate the greatest common factor of 508 and 118745.
127
What is the highest common divisor of 72 and 41600?
8
Calculate the highest common factor of 175110 and 4290.
390
Calculate the highest common factor of 7146 and 558.
18
What is the greatest common factor of 7048 and 800?
8
Calculate the highest common divisor of 76 and 14775.
1
What is the greatest common divisor of 93975 and 52805?
895
What is the greatest common divisor of 4 and 798?
2
What is the greatest common factor of 1414048 and 96?
32
What is the highest common factor of 74 and 26?
2
Calculate the greatest common divisor of 28582 and 496.
62
Calculate the greatest common factor of 64344 and 74685.
1149
What is the greatest common divisor of 9943 and 81923?
61
Calculate the greatest common divisor of 3825 and 135.
45
Calculate the highest common factor of 56294 and 1946.
14
What is the greatest common factor of 78257 and 4504?
563
Calculate the highest common divisor of 17145 and 125010.
135
What is the greatest common divisor of 155145 and 15?
15
What is the highest common divisor of 1305 and 215847?
261
What is the greatest common divisor of 103736 and 16?
8
Calculate the highest common divisor of 12418 and 5110.
14
What is the greatest common factor of 2167 and 4499?
11
Calculate the highest common divisor of 12213 and 19293.
177
Calculate the greatest common divisor of 234 and 6264.
18
What is the greatest common divisor of 28 and 530028?
4
What is the greatest common factor of 299 and 1934231?
299
Calculate the highest common factor of 17388 and 3996.
108
Calculate the greatest common divisor of 4290 and 255.
15
Calculate the highest common divisor of 180423 and 9.
9
Calculate the highest common factor of 12500 and 22000.
500
Calculate the greatest common divisor of 278384 and 2286.
254
Calculate the highest common factor of 84309 and 17113.
157
What is the highest common factor of 489 and 153383?
163
What is the greatest common divisor of 1490 and 40528?
298
Calculate the greatest common factor of 6320 and 3280.
80
What is the highest common factor of 1085770 and 10?
10
Calculate the highest common divisor of 344 and 109091.
43
Calculate the highest common factor of 205662 and 138.
6
What is the highest common divisor of 69747 and 402?
201
What is the greatest common factor of 246 and 66228?
6
What is the greatest common divisor of 52180 and 60?
20
What is the highest common divisor of 5289 and 7783?
43
Calculate the highest common divisor of 1995 and 380.
95
What is the greatest common factor of 302517 and 18?
9
What i